 divided by 8.
7
Calculate the remainder when 9519 is divided by 913.
389
What is the remainder when 61187 is divided by 3217?
64
Calculate the remainder when 431689 is divided by 10.
9
Calculate the remainder when 3942 is divided by 276.
78
Calculate the remainder when 106980 is divided by 17.
16
Calculate the remainder when 6440 is divided by 708.
68
What is the remainder when 28709 is divided by 69?
5
Calculate the remainder when 1618 is divided by 39.
19
Calculate the remainder when 4763 is divided by 42.
17
What is the remainder when 161027 is divided by 9472?
3
Calculate the remainder when 987 is divided by 487.
13
Calculate the remainder when 32056 is divided by 86.
64
Calculate the remainder when 79175 is divided by 192.
71
What is the remainder when 79711 is divided by 146?
141
Calculate the remainder when 295356 is divided by 269.
263
Calculate the remainder when 128956 is divided by 275.
256
Calculate the remainder when 171049 is divided by 574.
571
Calculate the remainder when 928407 is divided by 10.
7
Calculate the remainder when 33244 is divided by 326.
318
Calculate the remainder when 2023 is divided by 1001.
21
Calculate the remainder when 11136 is divided by 2011.
1081
What is the remainder when 60799 is divided by 20257?
28
What is the remainder when 51560 is divided by 12?
8
Calculate the remainder when 635 is divided by 405.
230
Calculate the remainder when 4376950 is divided by 148.
146
Calculate the remainder when 8092 is divided by 262.
232
What is the remainder when 21923 is divided by 609?
608
Calculate the remainder when 821668 is divided by 366.
364
What is the remainder when 17756 is divided by 1981?
1908
What is the remainder when 40313 is divided by 74?
57
What is the remainder when 109885 is divided by 404?
401
What is the remainder when 2608 is divided by 371?
11
What is the remainder when 7047 is divided by 3495?
57
Calculate the remainder when 80490 is divided by 544.
522
Calculate the remainder when 900 is divided by 387.
126
Calculate the remainder when 44031 is divided by 1130.
1091
What is the remainder when 1779651 is divided by 121?
104
What is the remainder when 9407 is divided by 4616?
175
Calculate the remainder when 3042 is divided by 153.
135
What is the remainder when 960 is divided by 377?
206
Calculate the remainder when 21136 is divided by 157.
98
Calculate the remainder when 44702 is divided by 46.
36
What is the remainder when 8884 is divided by 8851?
33
What is the remainder when 648 is divided by 104?
24
What is the remainder when 32650 is divided by 447?
19
Calculate the remainder when 212863 is divided by 349.
322
Calculate the remainder when 11332 is divided by 5662.
8
Calculate the remainder when 144 is divided by 17.
8
What is the remainder when 14685 is divided by 3?
0
What is the remainder when 7562757 is divided by 49?
48
Calculate the remainder when 66937 is divided by 3937.
8
Calculate the remainder when 30037 is divided by 30017.
20
Calculate the remainder when 1116058 is divided by 47.
43
What is the remainder when 1612 is divided by 138?
94
Calculate the remainder when 7861 is divided by 494.
451
What is the remainder when 27055 is divided by 376?
359
What is the remainder when 69413 is divided by 70?
43
Calculate the remainder when 8703 is divided by 272.
271
Calculate the remainder when 409961 is divided by 226.
223
Calculate the remainder when 3267 is divided by 43.
42
What is the remainder when 831 is divided by 112?
47
What is the remainder when 121671 is divided by 43?
24
What is the remainder when 10739 is divided by 1341?
11
What is the remainder when 3265 is divided by 639?
70
What is the remainder when 61951 is divided by 30948?
55
Calculate the remainder when 1397 is divided by 267.
62
Calculate the remainder when 18893 is divided by 402.
401
What is the remainder when 159320 is divided by 26549?
26
What is the remainder when 42144 is divided by 14047?
3
Calculate the remainder when 8732 is divided by 1725.
107
What is the remainder when 19873 is divided by 26?
9
Calculate the remainder when 501767 is divided by 1212.
1211
Calculate the remainder when 6956 is divided by 3312.
332
Calculate the remainder when 318213 is divided by 12.
9
What is the remainder when 471251 is divided by 821?
818
Calculate the remainder when 70941 is divided by 3221.
79
What is the remainder when 3224 is divided by 537?
2
What is the remainder when 4125 is divided by 1024?
29
Calculate the remainder when 124702 is divided by 96.
94
Calculate the remainder when 536557 is divided by 39.
34
Calculate the remainder when 36897 is divided by 616.
553
Calculate the remainder when 71528 is divided by 33.
17
What is the remainder when 29701 is divided by 115?
31
Calculate the remainder when 80310 is divided by 59.
11
Calculate the remainder when 345503 is divided by 1073.
1070
What is the remainder when 18542 is divided by 18473?
69
Calculate the remainder when 1639163 is divided by 12.
11
What is the remainder when 96581 is divided by 39?
17
What is the remainder when 32660 is divided by 527?
513
Calculate the remainder when 188 is divided by 85.
18
What is the remainder when 135757 is divided by 5656?
13
Calculate the remainder when 2016264 is divided by 40.
24
Calculate the remainder when 20573 is divided by 11.
3
What is the remainder when 10825 is divided by 231?
199
What is the remainder when 1625 is divided by 44?
41
What is the remainder when 330825 is divided by 110274?
3
What is the remainder when 117750 is divided by 194?
186
Calculate the remainder when 763799 is divided by 190949.
3
What is the remainder when 14089 is divided by 918?
319
Calculate the remainder when 1496193 is divided by 36.
33
Calculate the remainder when 442709 is divided by 469.
442
Calculate the remainder when 31058 is divided by 79.
11
Calculate the remainder when 12714 is divided by 4238.
0
What is the remainder when 13469 is divided by 15?
14
What is the remainder when 1625 is divided by 85?
10
What is the remainder when 2655 is divided by 816?
207
What is the remainder when 16604 is divided by 234?
224
What is the remainder when 3622 is divided by 53?
18
Calculate the remainder when 2910 is divided by 5.
0
Calculate the remainder when 10820 is divided by 22.
18
What is the remainder when 153378 is divided by 179?
154
Calculate the remainder when 3103 is divided by 388.
387
What is the remainder when 6359 is divided by 199?
190
What is the remainder when 1193 is divided by 364?
101
What is the remainder when 59232 is divided by 123?
69
Calculate the remainder when 682413 is divided by 149.
142
What is the remainder when 9572 is divided by 1893?
107
Calculate the remainder when 114359 is divided by 13.
11
Calculate the remainder when 41 is divided by 12.
5
What is the remainder when 698 is divided by 664?
34
Calculate the remainder when 86683 is divided by 1605.
13
Calculate the remainder when 249366 is divided by 526.
42
What is the remainder when 1229793 is divided by 559?
552
Calculate the remainder when 23041 is divided by 281.
280
Calculate the remainder when 417550 is divided by 17.
13
What is the remainder when 1681 is divided by 1377?
304
Calculate the remainder when 16643 is divided by 5131.
1250
Calculate the remainder when 80853 is divided by 112.
101
Calculate the remainder when 2680 is divided by 1027.
626
What is the remainder when 702569 is divided by 5243?
7
What is the remainder when 13808 is divided by 2733?
143
Calculate the remainder when 70392 is divided by 891.
3
Calculate the remainder when 307 is divided by 135.
37
What is the remainder when 2061076 is divided by 1190?
1186
Calculate the remainder when 2274 is divided by 42.
6
What is the remainder when 7700 is divided by 456?
404
What is the remainder when 726630 is divided by 61?
59
What is the remainder when 106972 is divided by 569?
0
Calculate the remainder when 7308 is divided by 55.
48
Calculate the remainder when 162 is divided by 71.
20
What is the remainder when 2362 is divided by 2339?
23
What is the remainder when 18279 is divided by 947?
286
What is the remainder when 8580 is divided by 4248?
84
What is the remainder when 589 is divided by 480?
109
Calculate the remainder when 22813 is divided by 3801.
7
What is the remai